 6.
-15400111
What is 12310312001 (base 4) in base 6?
102203505
Convert 499411 (base 16) to base 15.
653b3d
Convert 1022120011121 (base 3) to base 15.
dc5e4
6064748 (base 9) to base 12
10ba12b
What is 201321023 (base 4) in base 6?
2550415
What is 22202021201 (base 4) in base 13?
758b19
What is -10101111101000001 (base 2) in base 10?
-89921
What is -13436075 (base 8) in base 12?
-1021625
What is -1210301313 (base 4) in base 11?
-262155
What is -300320333 (base 4) in base 9?
-334625
What is 6846786 (base 9) in base 14?
6c183b
-705462 (base 9) to base 16
-65e58
-432016 (base 9) to base 2
-111110110101001000
What is 2532327 (base 8) in base 16?
ab4d7
Convert -33832 (base 11) to base 7.
-262423
Convert 51403254 (base 6) to base 9.
2702627
Convert -14543215 (base 9) to base 7.
-115322153
-11022102202 (base 3) to base 8
-245621
What is -237123 (base 9) in base 13?
-5010c
What is 2354628 (base 9) in base 11?
7a1969
What is -34005103 (base 6) in base 13?
-29c925
-1313274 (base 9) to base 12
-2a7311
Convert 1422132110 (base 5) to base 15.
4d3bc0
-7127b (base 13) to base 6
-4201444
Convert -1a0151 (base 12) to base 4.
-1233123031
10010010011101110101001 (base 2) to base 12
1735521
2211211001020 (base 3) to base 5
341340404
What is 573479 (base 13) in base 7?
23353535
Convert -7076434 (base 9) to base 5.
-1431130433
Convert -13126362 (base 7) to base 5.
-301402343
What is -255610 (base 8) in base 10?
-88968
Convert 1034453 (base 7) to base 11.
87012
Convert 212044 (base 9) to base 10.
126157
13264410 (base 8) to base 4
23112210020
Convert 2530352 (base 6) to base 12.
669b8
Convert 5b7785 (base 12) to base 11.
92505a
What is -33617746 (base 8) in base 13?
-167ca8a
-132775 (base 10) to base 5
-13222100
What is 335179 (base 11) in base 6?
15235534
What is 34244213 (base 5) in base 7?
2413443
Convert 10212020201 (base 3) to base 5.
4412442
What is 1609e4 (base 16) in base 2?
101100000100111100100
What is -101022121020 (base 3) in base 7?
-1504062
What is 3750b29 (base 13) in base 5?
13402133202
31820587 (base 9) to base 14
207dda2
30450655 (base 7) to base 11
1492000
Convert -21122122121 (base 3) to base 8.
-446171
What is -50146 (base 9) in base 4?
-20002200
Convert 353516 (base 7) to base 11.
43961
453513 (base 7) to base 12
3a719
Convert -4243040 (base 5) to base 15.
-16365
Convert -198197 (base 10) to base 13.
-6c29c
2b2b32 (base 12) to base 7
6132503
What is 20110100202 (base 3) in base 16?
1f085
What is 4102101422 (base 5) in base 13?
1925701
Convert bb0444 (base 12) to base 11.
1746341
What is 3435525 (base 8) in base 10?
932693
What is 1103220 (base 4) in base 12?
3120
-3064332 (base 8) to base 7
-6625030
What is -220213211 (base 4) in base 9?
-273188
Convert -11434435 (base 6) to base 9.
-612365
Convert -565402 (base 7) to base 14.
-28802
Convert 222050155 (base 7) to base 4.
303031113100
-52486 (base 9) to base 3
-1202112220
Convert -a22476 (base 11) to base 15.
-226c4b
Convert 8ba56 (base 14) to base 2.
1010010111001011100
Convert 1500b59 (base 12) to base 4.
100021021311
Convert 4b905 (base 16) to base 7.
2426234
Convert -c7cb (base 15) to base 2.
-1010010100011010
Convert -327237 (base 11) to base 8.
-1773462
What is 23113331 (base 5) in base 15?
4167b
-10334465 (base 9) to base 2
-10011000000100100111010
103b98 (base 15) to base 7
6364034
Convert a18a4 (base 11) to base 2.
100100010101010111
Convert 19175 (base 16) to base 6.
2111445
Convert 1c1e (base 15) to base 3.
22101002
Convert -85d59 (base 14) to base 10.
-323675
100002220221 (base 3) to base 7
1344451
98841a (base 12) to base 4
21032301112
Convert 82116 (base 9) to base 14.
159a2
What is -2cc37 (base 13) in base 4?
-110320320
What is 1024550215 (base 6) in base 16?
a5db83
-232db8 (base 14) to base 7
-13122621
10304431132 (base 5) to base 7
162423240
-a0039 (base 13) to base 10
-285658
Convert -4342241 (base 5) to base 15.
-171eb
Convert 293946 (base 11) to base 10.
459003
What is a345404 (base 11) in base 6?
1451245422
-234343 (base 9) to base 5
-14002404
Convert -114242020 (base 5) to base 4.
-2003321210
-11b61d (base 14) to base 7
-5110336
Convert 415310 (base 8) to base 11.
9469a
What is -259418 (base 11) in base 9?
-681338
Convert 13400142230 (base 5) to base 14.
23d7b8c
What is -12055468 (base 10) in base 11?
-68944a7
2b3535 (base 12) to base 9
1334635
Convert 11a8201 (base 11) to base 4.
13332032321
Convert -10001211212001 (base 3) to base 16.
-18e1ca
1442332 (base 5) to base 10
30967
What is -11120200121201 (base 3) in base 11?
-1413157
-5341 (base 7) to base 16
-763
Convert -143563 (base 7) to base 4.
-12301102
4100433304 (base 5) to base 2
11111010110010101100010
-10302434 (base 5) to base 2
-10101011100111101
Convert -2300303331 (base 4) to base 11.
-455133
Convert -12434452 (base 6) to base 2.
-1100011111011000000
-210401 (base 6) to base 12
-9a01
Convert -1100123434 (base 5) to base 12.
-9531a3
What is -1c61c (base 14) in base 13?
-27036
6614120 (base 7) to base 2
11000101111001001100
Convert 2355430 (base 6) to base 4.
132113022
Convert -1000011011101101100000 (base 2) to base 11.
-127a998
What is -81533 (base 11) in base 12?
-58b10
Convert -403414240 (base 5) to base 12.
-66333a
-1077435 (base 9) to base 13
-17538b
23167082 (base 9) to base 16
abdf6d
-11bd2 (base 14) to base 12
-21210
Convert -47360762 (base 8) to base 9.
-21420360
What is -12101212 (base 6) in base 14?
-9cd72
What is -e6e9 (base 15) in base 9?
-73863
-104625465 (base 7) to base 8
-30144527
What is -5231452 (base 7) in base 15?
-c685d
What is 126d0b (base 14) in base 13?
192577
37006243 (base 8) to base 13
18b8496
1012212122021 (base 3) to base 5
131201324
What is 21033222003 (base 4) in base 13?
66b0a6
What is 1220001222 (base 3) in base 2?
1001000101110000
-447310 (base 10) to base 5
-103303220
458822a (base 11) to base 15
a86269
-2243331231 (base 5) to base 11
-294542a
Convert 1c724 (base 14) to base 15.
1684d
1313612 (base 8) to base 2
1011001011110001010
Convert 10120110222 (base 3) to base 6.
1301342
-1101102002202 (base 3) to base 15
-e82ae
Convert -110102221212 (base 3) to base 2.
-111011110010110001
What is -10be4b (base 15) in base 13?
-220010
Convert 41a58 (base 12) to base 11.
59826
What is -b5100 (base 16) in base 9?
-1350285
-20b172 (base 12) to base 2
-1111110001100100110
What is -250140 (base 7) in base 13?
-17a51
-11768 (base 15) to base 2
-1101100101111001
What is 15315445 (base 6) in base 16?
839d5
11210201122 (base 3) to base 13
34079
What is 12002011121 (base 3) in base 14?
28629
2100551 (base 7) to base 4
331213202
313a9 (base 13) to base 16
159ce
What is 112101100000102 (base 3) in base 2?
11101001010000110111000
What is -95971 (base 10) in base 7?
-546541
-33311031 (base 5) to base 15
-5b511
123504302 (base 6) to base 12
988092
Convert 5c5b8 (base 14) to base 4.
313031212
Convert 1708127 (base 10) to base 12.
6a45bb
Convert 73138 (base 11) to base 8.
320222
-10012222 (base 3) to base 8
-4454
Convert -22339 (base 15) to base 5.
-11434404
What is -253405 (base 9) in base 10?
-153419
Convert -12470752 (base 8) to base 10.
-2781674
-10011000110000110011100 (base 2) to base 15
-68d29e
Convert 2c827 (base 15) to base 3.
21021222001
1114204 (base 6) to base 11
39637
What is -1032200223 (base 4) in base 15?
-65439
-131101113 (base 4) to base 16
-1d457
Convert -111100120220 (base 3) to base 2.
-1000000001011010101
Convert 5a4375 (base 13) to base 7.
24200332
-1709680 (base 11) to base 10
-2911711
Convert -132021313032 (base 4) to base 14.
-109aa2a
What is -a59262 (base 14) in base 13?
-120bb58
-1462a2 (base 11) to base 13
-7c9b0
-a4230 (base 16) to base 2
-10100100001000110000
What is -288763 (base 9) in base 7?
-1335105
Convert cb436a (base 14) to base 8.
32215272
Convert 49b2078 (base 12) to base 16.
dbf4dc
What is -16d37c (base 16) in base 3?
-2211000000220
What is 34214111 (base 5) in base 14?
7cc65
What is -24ab48 (base 12) in base 14?
-1186b6
What is -19c7f9 (base 16) in base 13?
-472079
Convert -2102112001 (base 3) to base 13.
-18982
Convert 14432220 (base 6) to base 2.
1111010100100110100
-5915c (base 13) to base 8
-476010
Convert 415ac3 (base 14) to base 12.
8a444b
-1834245 (base 10) to base 13
-4c2b6a
Convert 332301342 (base 5) to base 9.
2645035
What is 102212021120012 (base 3